3?
41
Calculate the greatest common factor of 10632 and 24.
24
Calculate the highest common factor of 2796 and 36.
12
What is the highest common divisor of 134 and 134?
134
What is the highest common factor of 51 and 6?
3
Calculate the highest common factor of 54 and 7.
1
Calculate the highest common factor of 186 and 279.
93
Calculate the greatest common divisor of 650 and 2080.
130
What is the highest common factor of 85 and 68?
17
Calculate the greatest common factor of 480 and 1500.
60
What is the highest common divisor of 22388 and 116?
116
What is the highest common factor of 27 and 54?
27
Calculate the greatest common factor of 4 and 38.
2
What is the highest common divisor of 126 and 3546?
18
Calculate the greatest common divisor of 66 and 10032.
66
Calculate the highest common divisor of 18865 and 231.
77
Calculate the greatest common factor of 2737 and 92.
23
Calculate the highest common divisor of 242 and 418.
22
What is the highest common divisor of 225 and 153?
9
Calculate the highest common divisor of 264 and 11946.
66
Calculate the greatest common divisor of 231 and 132.
33
What is the highest common divisor of 230 and 6394?
46
What is the greatest common divisor of 50 and 1475?
25
Calculate the greatest common divisor of 3531 and 297.
33
What is the highest common divisor of 371 and 7?
7
Calculate the greatest common divisor of 3955 and 15.
5
What is the greatest common factor of 705 and 141?
141
What is the greatest common divisor of 42 and 168?
42
Calculate the highest common divisor of 224 and 8.
8
Calculate the highest common factor of 5475 and 30.
15
Calculate the highest common factor of 285 and 45.
15
Calculate the highest common divisor of 15 and 15.
15
Calculate the highest common divisor of 19 and 475.
19
What is the greatest common divisor of 25 and 25?
25
What is the greatest common divisor of 135 and 105?
15
What is the greatest common divisor of 16 and 60?
4
What is the highest common divisor of 856 and 40?
8
What is the highest common factor of 81 and 171?
9
Calculate the greatest common divisor of 114 and 11514.
114
What is the highest common factor of 110 and 10?
10
What is the highest common divisor of 1407 and 42?
21
What is the highest common divisor of 14 and 616?
14
What is the greatest common divisor of 29220 and 300?
60
Calculate the greatest common factor of 10 and 670.
10
Calculate the highest common factor of 32320 and 320.
320
What is the greatest common factor of 150 and 2570?
10
What is the highest common divisor of 2002 and 104?
26
Calculate the highest common factor of 275 and 100.
25
What is the greatest common divisor of 322 and 368?
46
What is the highest common factor of 2332 and 1272?
212
Calculate the greatest common divisor of 667 and 69.
23
Calculate the greatest common divisor of 950 and 1026.
38
What is the highest common divisor of 621 and 27?
27
Calculate the highest common divisor of 282 and 188.
94
What is the highest common divisor of 271 and 16531?
271
What is the highest common factor of 20405 and 440?
55
What is the greatest common factor of 472 and 136?
8
What is the highest common factor of 26185 and 5?
5
What is the highest common divisor of 5 and 80?
5
Calculate the greatest common factor of 92 and 2599.
23
Calculate the greatest common divisor of 3475 and 25.
25
Calculate the highest common divisor of 15666 and 84.
42
What is the highest common divisor of 185 and 629?
37
Calculate the highest common divisor of 141 and 188.
47
Calculate the greatest common factor of 46 and 943.
23
Calculate the highest common factor of 131 and 3275.
131
What is the greatest common divisor of 220 and 25?
5
What is the greatest common factor of 511 and 365?
73
What is the greatest common factor of 296 and 16?
8
What is the highest common factor of 167 and 23213?
167
Calculate the greatest common divisor of 9 and 1629.
9
Calculate the greatest common factor of 7 and 14.
7
Calculate the highest common factor of 288 and 936.
72
Calculate the greatest common divisor of 25549 and 58.
29
Calculate the greatest common factor of 73 and 219.
73
Calculate the greatest common divisor of 15 and 205.
5
What is the highest common divisor of 4122 and 27?
9
What is the highest common divisor of 325 and 195?
65
Calculate the highest common divisor of 432 and 576.
144
Calculate the highest common factor of 16 and 848.
16
What is the greatest common factor of 1008 and 1701?
63
Calculate the highest common divisor of 16 and 7024.
16
What is the highest common factor of 28 and 700?
28
What is the greatest common factor of 102 and 6?
6
What is the highest common divisor of 28 and 7?
7
What is the highest common factor of 253 and 132?
11
Calculate the highest common factor of 64 and 1728.
64
What is the greatest common factor of 570 and 7296?
114
What is the greatest common divisor of 45 and 90?
45
What is the greatest common factor of 400 and 16?
16
Calculate the greatest common factor of 2533 and 6407.
149
Calculate the greatest common divisor of 315 and 7065.
45
Calculate the greatest common factor of 20 and 238.
2
Calculate the highest common factor of 37 and 148.
37
What is the greatest common factor of 728 and 13?
13
Calculate the highest common divisor of 412 and 2369.
103
Calculate the greatest common factor of 12 and 4700.
4
Calculate the greatest common divisor of 899 and 589.
31
What is the greatest common divisor of 8 and 928?
8
What is the highest common factor of 3792 and 7268?
316
Calculate the highest common factor of 54 and 738.
18
What is the highest common factor of 63 and 1197?
63
Calculate the greatest common factor of 3115 and 70.
35
What is the highest common factor of 52 and 5564?
52
What is the highest common divisor of 4098 and 6?
6
What is the highest common factor of 783 and 1363?
29
What is the highest common factor of 578 and 4?
2
What is the highest common factor of 309 and 206?
103
Calculate the highest common factor of 464 and 192.
16
Calculate the highest common factor of 9802 and 58.
58
Calculate the highest common divisor of 287 and 1312.
41
Calculate the greatest common factor of 36 and 84.
12
Calculate the highest common divisor of 18 and 3492.
18
What is the greatest common divisor of 40 and 48?
8
Calculate the greatest common divisor of 9 and 10395.
9
What is the greatest common factor of 1070 and 10?
10
Calculate the highest common factor of 4768 and 96.
32
Calculate the greatest common factor of 2827 and 77.
11
Calculate the greatest common divisor of 336 and 72.
24
What is the highest common factor of 11 and 5830?
11
Calculate the highest common divisor of 244 and 164.
4
Calculate the highest common factor of 187 and 68.
17
Calculate the highest common factor of 48 and 9.
3
Calculate the greatest common divisor of 41 and 943.
41
Calculate the highest common factor of 24 and 768.
24
Calculate the greatest common factor of 75 and 14475.
75
What is the highest common divisor of 2091 and 1632?
51
What is the greatest common divisor of 468 and 130?
26
What is the highest common factor of 600 and 60?
60
What is the highest common divisor of 760 and 1406?
38
Calculate the highest common factor of 1394 and 205.
41
What is the greatest common factor of 2 and 3?
1
Calculate the highest common divisor of 8 and 31.
1
What is the greatest common divisor of 365 and 90?
5
What is the greatest common divisor of 259 and 14?
7
Calculate the greatest common factor of 22 and 2035.
11
What is the greatest common divisor of 1684 and 8?
4
What is the greatest common divisor of 25714 and 86?
86
Calculate the greatest common divisor of 152 and 10.
2
What is the greatest common factor of 95 and 456?
19
Calculate the highest common divisor of 48 and 1104.
48
Calculate the greatest common divisor of 610 and 40.
10
Calculate the greatest common factor of 377 and 39.
13
Calculate the highest common factor of 14014 and 308.
154
What is the highest common factor of 238 and 68?
34
Calculate the greatest common divisor of 102 and 2516.
34
What is the highest common divisor of 98 and 7?
7
Calculate the highest common divisor of 45 and 3315.
15
Calculate the highest common factor of 15 and 1455.
15
Calculate the highest common factor of 272 and 51.
17
What is the greatest common divisor of 19960 and 40?
